{"id":26,"date":"2016-10-27T15:36:24","date_gmt":"2016-10-27T15:36:24","guid":{"rendered":"http:\/\/iwacentar.com\/?page_id=26"},"modified":"2017-03-27T15:08:03","modified_gmt":"2017-03-27T13:08:03","slug":"kontakt","status":"publish","type":"page","link":"https:\/\/iwacentar.com\/?page_id=26","title":{"rendered":"Kontakt"},"content":{"rendered":"<p style=\"text-align: center;\"><strong>Iwa centar, Vrnja\u010dka Banja<\/strong><br \/>\nRadno vreme recepcije od 7 do 23 h<br \/>\nU<span class=\"style7\">lica Milo\u0161a Obili\u0107a 23, 36210 Vrnja\u010dka Banja<\/span><br \/>\nTel. +381 36 620 333 \u2022 +381 69 620 333 \u2022 +381 36 511 00 32<\/p>\n<p style=\"text-align: center;\">e-mail: <a href=\"mailto:iwacentar@mts.rs\">iwacentar@mts.rs<\/a><\/p>\n<p>&nbsp;<\/p>\n<p><iframe loading=\"lazy\" style=\"border: 0;\" src=\"https:\/\/www.google.com\/maps\/embed?pb=!1m18!1m12!1m3!1d2888.220731686142!2d20.897634016020714!3d43.62276457912224!2m3!1f0!2f0!3f0!3m2!1i1024!2i768!4f13.1!3m3!1m2!1s0x475657888353350f%3A0x8a789c6ca5ad0536!2sIwa+centar!5e0!3m2!1ssr!2srs!4v1481574757510\" width=\"1050\" height=\"600\" frameborder=\"0\" allowfullscreen=\"allowfullscreen\"><\/iframe><\/p>\n<p style=\"text-align: center;\">wellness \u2022 apartmani \u2022 sme\u0161taj \u2022 preno\u0107i\u0161te \u2022 sobe \u2022 odmor<\/p>\n","protected":false},"excerpt":{"rendered":"<p>Iwa centar, Vrnja\u010dka Banja Radno vreme recepcije od 7 do 23 h Ulica Milo\u0161a Obili\u0107a 23, 36210 Vrnja\u010dka Banja Tel. +381 36 620 333 \u2022 +381 69 620 333 \u2022 +381 36 511 00 32 e-mail: iwacentar@mts.rs &nbsp; wellness \u2022 apartmani \u2022 sme\u0161taj \u2022 preno\u0107i\u0161te \u2022 sobe \u2022 odmor<\/p>\n","protected":false},"author":1,"featured_media":0,"parent":0,"menu_order":0,"comment_status":"closed","ping_status":"closed","template":"","meta":{"footnotes":""},"class_list":["post-26","page","type-page","status-publish","hentry"],"yoast_head":"<!-- This site is optimized with the Yoast SEO plugin v21.4 - https:\/\/yoast.com\/wordpress\/plugins\/seo\/ -->\n<title>Kontakt - Iwa centar, Vrnjacka Banja - smestaj, apartmani<\/title>\n<meta name=\"description\" content=\"Smestaj, apartmani - Vrnjacka Banja - povoljno, centar Vrnjacke Banje, odmor u Vrnjackoj Banji, parking, wifi, kuhinja, terasa, basta, velnes centar\" \/>\n<meta name=\"robots\" content=\"index, follow, max-snippet:-1, max-image-preview:large, max-video-preview:-1\" \/>\n<link rel=\"canonical\" href=\"https:\/\/iwacentar.com\/?page_id=26\" \/>\n<meta property=\"og:locale\" content=\"en_US\" \/>\n<meta property=\"og:type\" content=\"article\" \/>\n<meta property=\"og:title\" content=\"Kontakt - Iwa centar, Vrnjacka Banja - smestaj, apartmani\" \/>\n<meta property=\"og:description\" content=\"Smestaj, apartmani - Vrnjacka Banja - povoljno, centar Vrnjacke Banje, odmor u Vrnjackoj Banji, parking, wifi, kuhinja, terasa, basta, velnes centar\" \/>\n<meta property=\"og:url\" content=\"https:\/\/iwacentar.com\/?page_id=26\" \/>\n<meta property=\"og:site_name\" content=\"iwacentar\" \/>\n<meta property=\"article:publisher\" content=\"https:\/\/www.facebook.com\/iwacentar\/\" \/>\n<meta property=\"article:modified_time\" content=\"2017-03-27T13:08:03+00:00\" \/>\n<meta name=\"twitter:card\" content=\"summary_large_image\" \/>\n<script type=\"application\/ld+json\" class=\"yoast-schema-graph\">{\"@context\":\"https:\/\/schema.org\",\"@graph\":[{\"@type\":\"WebPage\",\"@id\":\"https:\/\/iwacentar.com\/?page_id=26\",\"url\":\"https:\/\/iwacentar.com\/?page_id=26\",\"name\":\"Kontakt - Iwa centar, Vrnjacka Banja - smestaj, apartmani\",\"isPartOf\":{\"@id\":\"http:\/\/iwacentar.com\/#website\"},\"datePublished\":\"2016-10-27T15:36:24+00:00\",\"dateModified\":\"2017-03-27T13:08:03+00:00\",\"description\":\"Smestaj, apartmani - Vrnjacka Banja - povoljno, centar Vrnjacke Banje, odmor u Vrnjackoj Banji, parking, wifi, kuhinja, terasa, basta, velnes centar\",\"breadcrumb\":{\"@id\":\"https:\/\/iwacentar.com\/?page_id=26#breadcrumb\"},\"inLanguage\":\"en-US\",\"potentialAction\":[{\"@type\":\"ReadAction\",\"target\":[\"https:\/\/iwacentar.com\/?page_id=26\"]}]},{\"@type\":\"BreadcrumbList\",\"@id\":\"https:\/\/iwacentar.com\/?page_id=26#breadcrumb\",\"itemListElement\":[{\"@type\":\"ListItem\",\"position\":1,\"name\":\"Home\",\"item\":\"http:\/\/iwacentar.com\/\"},{\"@type\":\"ListItem\",\"position\":2,\"name\":\"Kontakt\"}]},{\"@type\":\"WebSite\",\"@id\":\"http:\/\/iwacentar.com\/#website\",\"url\":\"http:\/\/iwacentar.com\/\",\"name\":\"iwacentar\",\"description\":\"smestaj apartmani wellness vrnjacka banja\",\"potentialAction\":[{\"@type\":\"SearchAction\",\"target\":{\"@type\":\"EntryPoint\",\"urlTemplate\":\"http:\/\/iwacentar.com\/?s={search_term_string}\"},\"query-input\":\"required name=search_term_string\"}],\"inLanguage\":\"en-US\"}]}<\/script>\n<!-- \/ Yoast SEO plugin. -->","yoast_head_json":{"title":"Kontakt - Iwa centar, Vrnjacka Banja - smestaj, apartmani","description":"Smestaj, apartmani - Vrnjacka Banja - povoljno, centar Vrnjacke Banje, odmor u Vrnjackoj Banji, parking, wifi, kuhinja, terasa, basta, velnes centar","robots":{"index":"index","follow":"follow","max-snippet":"max-snippet:-1","max-image-preview":"max-image-preview:large","max-video-preview":"max-video-preview:-1"},"canonical":"https:\/\/iwacentar.com\/?page_id=26","og_locale":"en_US","og_type":"article","og_title":"Kontakt - Iwa centar, Vrnjacka Banja - smestaj, apartmani","og_description":"Smestaj, apartmani - Vrnjacka Banja - povoljno, centar Vrnjacke Banje, odmor u Vrnjackoj Banji, parking, wifi, kuhinja, terasa, basta, velnes centar","og_url":"https:\/\/iwacentar.com\/?page_id=26","og_site_name":"iwacentar","article_publisher":"https:\/\/www.facebook.com\/iwacentar\/","article_modified_time":"2017-03-27T13:08:03+00:00","twitter_card":"summary_large_image","schema":{"@context":"https:\/\/schema.org","@graph":[{"@type":"WebPage","@id":"https:\/\/iwacentar.com\/?page_id=26","url":"https:\/\/iwacentar.com\/?page_id=26","name":"Kontakt - Iwa centar, Vrnjacka Banja - smestaj, apartmani","isPartOf":{"@id":"http:\/\/iwacentar.com\/#website"},"datePublished":"2016-10-27T15:36:24+00:00","dateModified":"2017-03-27T13:08:03+00:00","description":"Smestaj, apartmani - Vrnjacka Banja - povoljno, centar Vrnjacke Banje, odmor u Vrnjackoj Banji, parking, wifi, kuhinja, terasa, basta, velnes centar","breadcrumb":{"@id":"https:\/\/iwacentar.com\/?page_id=26#breadcrumb"},"inLanguage":"en-US","potentialAction":[{"@type":"ReadAction","target":["https:\/\/iwacentar.com\/?page_id=26"]}]},{"@type":"BreadcrumbList","@id":"https:\/\/iwacentar.com\/?page_id=26#breadcrumb","itemListElement":[{"@type":"ListItem","position":1,"name":"Home","item":"http:\/\/iwacentar.com\/"},{"@type":"ListItem","position":2,"name":"Kontakt"}]},{"@type":"WebSite","@id":"http:\/\/iwacentar.com\/#website","url":"http:\/\/iwacentar.com\/","name":"iwacentar","description":"smestaj apartmani wellness vrnjacka banja","potentialAction":[{"@type":"SearchAction","target":{"@type":"EntryPoint","urlTemplate":"http:\/\/iwacentar.com\/?s={search_term_string}"},"query-input":"required name=search_term_string"}],"inLanguage":"en-US"}]}},"_links":{"self":[{"href":"https:\/\/iwacentar.com\/index.php?rest_route=\/wp\/v2\/pages\/26","targetHints":{"allow":["GET"]}}],"collection":[{"href":"https:\/\/iwacentar.com\/index.php?rest_route=\/wp\/v2\/pages"}],"about":[{"href":"https:\/\/iwacentar.com\/index.php?rest_route=\/wp\/v2\/types\/page"}],"author":[{"embeddable":true,"href":"https:\/\/iwacentar.com\/index.php?rest_route=\/wp\/v2\/users\/1"}],"replies":[{"embeddable":true,"href":"https:\/\/iwacentar.com\/index.php?rest_route=%2Fwp%2Fv2%2Fcomments&post=26"}],"version-history":[{"count":7,"href":"https:\/\/iwacentar.com\/index.php?rest_route=\/wp\/v2\/pages\/26\/revisions"}],"predecessor-version":[{"id":555,"href":"https:\/\/iwacentar.com\/index.php?rest_route=\/wp\/v2\/pages\/26\/revisions\/555"}],"wp:attachment":[{"href":"https:\/\/iwacentar.com\/index.php?rest_route=%2Fwp%2Fv2%2Fmedia&parent=26"}],"curies":[{"name":"wp","href":"https:\/\/api.w.org\/{rel}","templated":true}]}}